= k. Suppose 60 = -g + y*g. Calculate the remainder when g is divided by 16.
14
Let s(i) = -i**3 - 7*i**2 - 3*i - 12. Suppose 12 = 4*r - 2*c, -3*r + 16 = -r + 4*c. Suppose r*j = 77 + 63. What is the remainder when j is divided by s(-7)?
8
Suppose 0 = -4*n + 4*z + 40, -5*n + 4*z + 32 = -18. Let a(d) = -d**3 - 21*d**2 + 44*d - 43. What is the remainder when n is divided by a(-23)?
1
Let x = -85 - -83. What is the remainder when (-2002)/(-28) - (x/(-4) + -1) is divided by 25?
22
Suppose -86*l + 3224 = -55*l. Calculate the remainder when 198 is divided by l.
94
Calculate the remainder when 320/24*24*(-3)/(-15) is divided by 22.
20
Let d = -45 + 81. Suppose -6*p + 2*p = -128. What is the remainder when p is divided by (24/d)/((-4)/(-102))?
15
Suppose 0 = -b + 2*i - 12, -3*b - 30 - 4 = -4*i. Let y(s) = -4*s**3 + 47 - 32 + 9*s - 9*s**2 + 3*s**3. Calculate the remainder when 98 is divided by y(b).
23
Let n(m) = m**2 - 30*m + 236. What is the remainder when n(12) is divided by -20*(9/(-6))/3?
0
Let b = -170 + 223. What is the remainder when b is divided by 29?
24
Let p(s) = -3*s**3 - 8*s**2 - 23*s + 5. What is the remainder when 160 is divided by p(-3)?
77
Let w(n) = n**3 - n**2 - 4*n + 1. Calculate the remainder when (6 - (4 + 0))/((-20)/(-950)) is divided by w(4).
29
Suppose 3*h - 45 = -0*h. Let n = -64 + 69. Suppose -f - 38 = -n*f + 3*o, 2*o - h = -f. Calculate the remainder when 30 is divided by f.
8
Let z(i) = 1 - 123*i + 111*i + 0. Let w be z(3). Let m = w + 50. Calculate the remainder when m is divided by 8.
7
Let r = 40 - 44. Calculate the remainder when -104*(r - -3)*3/6 is divided by 18.
16
Let t = -475 - -486. Calculate the remainder when 42 is divided by t.
9
Suppose 585 = -8*x + 13*x + 5*c, -5*x = -2*c - 613. Calculate the remainder when x is divided by 61.
60
Let y(k) = -k**3 - 15*k**2 - 27*k - 88. Calculate the remainder when y(-14) is divided by 10.
4
Let h(g) = 5*g**2 + 35*g + 3. Calculate the remainder when h(-8) is divided by 10.
3
Suppose -j = 3*j - 12, 0 = 4*a + 2*j - 182. Suppose -8*l - a = -12*l. Calculate the remainder when 52 is divided by l.
8
Suppose -2607 - 4449 = -42*h. Calculate the remainder when h is divided by 59.
50
Calculate the remainder when (11 - 1 - 9)*(556 - 0) is divided by 94.
86
Calculate the remainder when 160 is divided by (45/6 - 8)*-22.
6
Suppose 2*j = -19 + 57. Let i = -57 + 62. Suppose 285 = 4*d - 2*p + 7*p, 2*d - 135 = -i*p. What is the remainder when d is divided by j?
18
Suppose y - 5*y = k - 143, -5*y - 2*k + 178 = 0. Calculate the remainder when 323 is divided by y.
35
What is the remainder when 1/(-15)*-291 + (-6)/(-10) is divided by 4?
0
Calculate the remainder when 135 is divided by -172*(-1)/4 + 5.
39
Let k = -98 + 77. Let n = k + 33. What is the remainder when n is divided by 2?
0
Let r be (1/(-6)*382)/(1/3). Let c = r - -269. What is the remainder when c is divided by 20?
18
Suppose 0 = -5*w + 3*v + 46 - 8, 4*v = w - 11. What is the remainder when 12 is divided by w - (1 + 4 + -5)?
5
Suppose 4*f - 138 = -2*j, -2*f + 6 = -0*f. Calculate the remainder when j + (3/4 - (-25)/20) is divided by 22.
21
Calculate the remainder when (-2*7)/((-32)/112) is divided by 18.
13
Let s(a) be the first derivative of 35*a**2/2 - 7*a + 17. What is the remainder when s(5) is divided by 17?
15
Let d be 2564/(-32) - (-1)/8. Calculate the remainder when 74 is divided by 9/6*d/(-8).
14
What is the remainder when -3*(-3)/12 + 9591/12 is divided by 89?
88
Let r be (4/(-2) + 8)*(-1)/(-2). Suppose -4*a + r*a = -98. Calculate the remainder when a is divided by 10.
8
Let h = 4 + 50. What is the remainder when h is divided by 15?
9
Let b = 7 + -15. Let u be 3/(-12) + (-2)/b. Suppose u = 5*c + 4*t - 40, -3*c = 3*t - t - 22. Calculate the remainder when 10 is divided by c.
2
Suppose 3*y = -5*a + 21 + 108, -44 = -2*a - 5*y. What is the remainder when a is divided by 13?
1
Let g(z) = -z**3 + 4*z**2 + z + 4. Suppose 2*m - 3 = m + l, 0 = m - 4*l. Suppose -2*q + 22 = -q. Calculate the remainder when q is divided by g(m).
6
Let f = -56 + 82. Let g be ((-96)/(-2))/(8/12). Suppose 5*n + g + 34 = i, -4*i + 405 = -n. What is the remainder when i is divided by f?
23
Suppose 3*c + 1008 = 6*c. Suppose -3*q - a = 2*q - c, -4*a = 3*q - 205. Let i = 43 - 26. What is the remainder when q is divided by i?
16
Let q(k) = 5*k**2 - 6*k + 9. Let j(r) = -5*r**2 + 5*r - 8. Let c(t) = -7*j(t) - 6*q(t). Let y = -92 - -169. What is the remainder when y is divided by c(-2)?
17
Let m(p) be the second derivative of 3*p**5/20 - p**4/2 + 7*p**3/6 - 5*p**2/2 + 10*p. Calculate the remainder when m(3) is divided by 11.
10
Suppose 0 = 2*n - 2, -3*x + 34 = 3*n - 8*n. What is the remainder when x is divided by 4?
1
Suppose 13*r - 876 = 3050. What is the remainder when r is divided by 19?
17
Let f = 2193 + -2181. Suppose 184 = 6*s - 2*s. Calculate the remainder when s is divided by f.
10
Let r(a) = -a**3 - 15*a**2 - 14*a. Let q be r(-14). Suppose q = -2*o - 5*f + 103, -3*f = 3*o - 7*f - 97. Calculate the remainder when o is divided by 20.
19
Let u(l) = 24*l - 348. What is the remainder when u(17) is divided by 38?
22
Let v = -73 - -37. Calculate the remainder when (0/(-3) - 1)*v is divided by (53 + -15)/(-5 - -7).
17
Let k(l) = -l**2 - 4*l - 2. Let z be k(-6). Let t = z - -16. Suppose 14 = -t*g - 5*q, -3*q - 9 + 3 = 2*g. What is the remainder when 6 is divided by g?
0
Let f = 29 - 26. Calculate the remainder when 1/2*(f - -153) is divided by 20.
18
Suppose -25*m + 21*m = -1260. Suppose m = -5*n + 8*n. Calculate the remainder when 16 is divided by 2/1 - n/(-15).
7
Let b = -14 + 21. Let c = b + 20. What is the remainder when 51 is divided by c?
24
Suppose 2*q - 1540 = -8*q. Calculate the remainder when q is divided by 13.
11
Let h be 3/6*0/(-2 + 7). Suppose 16*c - 125 - 99 = h. What is the remainder when 79 is divided by c?
9
Suppose -4*c = -2*t - 16, 2*c + 19*t - 18*t = 4. What is the remainder when 7 is divided by c?
1
Let u = -104 - -124. What is the remainder when 118 is divided by u?
18
What is the remainder when 10/30 + 1419/9 is divided by 18?
14
Suppose -3*b - 14 = -2*t, -16 = -2*t - 3*b + 10. Suppose -t = -q + 7. Calculate the remainder when ((-8)/60*-10)/((-2)/(-99)) is divided by q.
15
Suppose 13*o - 5*m = 14*o - 397, o - 4*m = 370. Calculate the remainder when o is divided by 16.
14
Suppose -3*s = -4*f + 10, -s = -3*s + 3*f - 5. Let v = 20 + s. Calculate the remainder when 23 is divided by v.
3
What is the remainder when 7258/11 - (-12 - 1560/(-132)) is divided by 136?
116
Suppose -2*w = -3*w + 44. Let k = 224 - 212. Calculate the remainder when w is divided by k.
8
Let r(y) = 6*y**2 + 7*y - 25. Calculate the remainder when 379 is divided by r(4).
82
Let y(c) be the first derivative of c**3/3 + c**2 + 24*c - 17. What is the remainder when 87 is divided by y(0)?
15
Suppose -4*d - 5*p + 237 = 0, -d - 99 = p - 158. Calculate the remainder when 116 is divided by d.
0
Suppose 0 = 5*f + 3*f - 32. Suppose 4*v = -f*h + 11 + 37, -5*v + 5*h + 60 = 0. Calculate the remainder when 44 is divided by v.
8
Let u(q) = -3*q**2 - q + 2. Let f be u(2). Let g = f + 28. What is the remainder when (-1 - 32/(-3))*3 is divided by g?
13
Suppose 242 = 12*n - 202. What is the remainder when n is divided by 17?
3
Suppose -131*v + 1539 = -122*v. Calculate the remainder when v is divided by 50.
21
What is the remainder when (440 + -18)/(0 + 2) is divided by 9?
4
Suppose 266*t - 269*t + 286 = z, 0 = 4*t - 2*z - 358. Let c(w) = -w**3 + 2*w**2 - w - 2. What is the remainder when t is divided by c(-2)?
13
Suppose 58*w = 50*w + 7704. Calculate the remainder when w is divided by 46.
43
Calculate the remainder when 141 is divided by ((-77)/14*-2)/1.
9
Suppose 125*k - 480 = 119*k. Calculate the remainder when 472 is divided by k.
72
Let g(f) = -97*f**3 - 2*f - 1. Let u(v) = v**2 - 6. Let q be u(0). Let o(w) = w**3 + 8*w**2 + 6*w - 11. What is the remainder when g(-1) is divided by o(q)?
23
Let l(u) = 1 + 13 + 9*u - u - 31. Calculate the remainder when l(4) is divided by 2.
1
Let n(i) = i**3 + 2*i**2 + 2*i - 8. Let p be n(-4). Let u = 86 + p. Let j = 46 - 33. What is the remainder when u is divided by j?
12
What is the remainder when (-23049)/(-234) - 1/(-2) is divided by 60?
39
Let m be (-